CRAN Package Check Results for Package visvow

Last updated on 2022-05-29 05:51:19 CEST.

Flavor Version Tinstall Tcheck Ttotal Status Flags
r-devel-linux-x86_64-debian-clang 1.3.4 24.79 194.36 219.15 OK
r-devel-linux-x86_64-debian-gcc 1.3.4 20.07 145.80 165.87 OK
r-devel-linux-x86_64-fedora-clang 1.3.4 261.83 NOTE
r-devel-linux-x86_64-fedora-gcc 1.3.4 249.29 OK
r-devel-windows-x86_64 1.3.4 41.00 176.00 217.00 OK
r-patched-linux-x86_64 1.3.4 24.40 182.74 207.14 OK
r-release-linux-x86_64 1.3.4 20.37 184.87 205.24 OK
r-release-macos-arm64 1.3.4 117.00 OK
r-release-macos-x86_64 1.3.4 172.00 OK
r-release-windows-x86_64 1.3.4 37.00 174.00 211.00 OK
r-oldrel-macos-arm64 1.3.4 108.00 OK
r-oldrel-macos-x86_64 1.3.4 138.00 OK
r-oldrel-windows-ix86+x86_64 1.3.4 44.00 191.00 235.00 OK

Check Details

Version: 1.3.4
Check: package dependencies
Result: NOTE
    Imports includes 23 non-default packages.
    Importing from so many packages makes the package vulnerable to any of
    them becoming unavailable. Move as many as possible to Suggests and
    use conditionally.
Flavor: r-devel-linux-x86_64-fedora-clang