Last updated on 2022-05-17 02:53:24 CEST.
Flavor | Version | Tinstall | Tcheck | Ttotal | Status | Flags |
---|---|---|---|---|---|---|
r-devel-linux-x86_64-debian-clang | 1.1.2-2 | 609.70 | 73.23 | 682.93 | OK | |
r-devel-linux-x86_64-debian-gcc | 1.1.2-2 | 487.80 | 73.78 | 561.58 | OK | |
r-devel-linux-x86_64-fedora-clang | 1.1.2-2 | 980.86 | NOTE | |||
r-devel-linux-x86_64-fedora-gcc | 1.1.2-2 | 933.70 | OK | |||
r-devel-windows-x86_64 | 1.1.2-2 | 460.00 | 154.00 | 614.00 | OK | |
r-patched-linux-x86_64 | 1.1.2-2 | 489.86 | 96.75 | 586.61 | OK | |
r-release-linux-x86_64 | 1.1.2-2 | 541.41 | 95.88 | 637.29 | OK | |
r-release-macos-arm64 | 1.1.2-2 | 224.00 | NOTE | |||
r-release-macos-x86_64 | 1.1.2-2 | 297.00 | NOTE | |||
r-release-windows-x86_64 | 1.1.2-2 | 440.00 | 151.00 | 591.00 | OK | |
r-oldrel-macos-arm64 | 1.1.2-2 | 253.00 | NOTE | |||
r-oldrel-macos-x86_64 | 1.1.2-2 | 277.00 | NOTE | |||
r-oldrel-windows-ix86+x86_64 | 1.1.2-2 | 1299.00 | 204.00 | 1503.00 | NOTE |
Version: 1.1.2-2
Check: installed package size
Result: NOTE
installed size is 63.8Mb
sub-directories of 1Mb or more:
libs 63.4Mb
Flavors: r-devel-linux-x86_64-fedora-clang, r-release-macos-arm64, r-release-macos-x86_64, r-oldrel-macos-arm64, r-oldrel-macos-x86_64, r-oldrel-windows-ix86+x86_64