CRAN Package Check Results for Package volleystat

Last updated on 2022-05-19 19:49:43 CEST.

Flavor Version Tinstall Tcheck Ttotal Status Flags
r-devel-linux-x86_64-debian-clang 0.2.0 2.63 46.60 49.23 OK
r-devel-linux-x86_64-debian-gcc 0.2.0 2.33 36.68 39.01 OK
r-devel-linux-x86_64-fedora-clang 0.2.0 61.08 NOTE
r-devel-linux-x86_64-fedora-gcc 0.2.0 58.34 NOTE
r-devel-windows-x86_64 0.2.0 35.00 83.00 118.00 OK
r-patched-linux-x86_64 0.2.0 2.43 44.74 47.17 OK
r-release-linux-x86_64 0.2.0 2.28 45.76 48.04 OK
r-release-macos-arm64 0.2.0 22.00 NOTE
r-release-macos-x86_64 0.2.0 32.00 NOTE
r-release-windows-x86_64 0.2.0 36.00 90.00 126.00 OK
r-oldrel-macos-arm64 0.2.0 34.00 NOTE
r-oldrel-macos-x86_64 0.2.0 44.00 NOTE
r-oldrel-windows-ix86+x86_64 0.2.0 6.00 65.00 71.00 OK

Check Details

Version: 0.2.0
Check: data for non-ASCII characters
Result: NOTE
     Note: found 4954 marked UTF-8 strings
Flavors: r-devel-linux-x86_64-fedora-clang, r-devel-linux-x86_64-fedora-gcc, r-release-macos-arm64, r-release-macos-x86_64, r-oldrel-macos-arm64, r-oldrel-macos-x86_64