Last updated on 2022-05-22 11:51:57 CEST.
Flavor | Version | Tinstall | Tcheck | Ttotal | Status | Flags |
---|---|---|---|---|---|---|
r-devel-linux-x86_64-debian-clang | 0.1.0 | 6.01 | 68.43 | 74.44 | OK | |
r-devel-linux-x86_64-debian-gcc | 0.1.0 | 5.07 | 51.09 | 56.16 | OK | |
r-devel-linux-x86_64-fedora-clang | 0.1.0 | 88.88 | NOTE | |||
r-devel-linux-x86_64-fedora-gcc | 0.1.0 | 83.51 | NOTE | |||
r-devel-windows-x86_64 | 0.1.0 | 43.00 | 89.00 | 132.00 | OK | |
r-patched-linux-x86_64 | 0.1.0 | 5.13 | 63.15 | 68.28 | OK | |
r-release-linux-x86_64 | 0.1.0 | 5.58 | 63.79 | 69.37 | OK | |
r-release-macos-arm64 | 0.1.0 | 28.00 | NOTE | |||
r-release-macos-x86_64 | 0.1.0 | 44.00 | NOTE | |||
r-release-windows-x86_64 | 0.1.0 | 41.00 | 89.00 | 130.00 | OK | |
r-oldrel-macos-arm64 | 0.1.0 | 31.00 | NOTE | |||
r-oldrel-macos-x86_64 | 0.1.0 | 42.00 | NOTE | |||
r-oldrel-windows-ix86+x86_64 | 0.1.0 | 16.00 | 76.00 | 92.00 | OK |
Version: 0.1.0
Check: dependencies in R code
Result: NOTE
Namespace in Imports field not imported from: ‘glue’
All declared Imports should be used.
Flavors: r-devel-linux-x86_64-fedora-clang, r-devel-linux-x86_64-fedora-gcc, r-release-macos-arm64, r-release-macos-x86_64, r-oldrel-macos-arm64, r-oldrel-macos-x86_64