CRAN Package Check Results for Package votesys

Last updated on 2022-05-26 12:53:55 CEST.

Flavor Version Tinstall Tcheck Ttotal Status Flags
r-devel-linux-x86_64-debian-clang 0.1.1 9.38 87.42 96.80 NOTE
r-devel-linux-x86_64-debian-gcc 0.1.1 7.06 69.17 76.23 NOTE
r-devel-linux-x86_64-fedora-clang 0.1.1 126.24 NOTE
r-devel-linux-x86_64-fedora-gcc 0.1.1 115.63 NOTE
r-devel-windows-x86_64 0.1.1 18.00 98.00 116.00 NOTE
r-patched-linux-x86_64 0.1.1 8.60 82.51 91.11 NOTE
r-release-linux-x86_64 0.1.1 NOTE
r-release-macos-arm64 0.1.1 32.00 NOTE
r-release-macos-x86_64 0.1.1 44.00 NOTE
r-release-windows-x86_64 0.1.1 21.00 101.00 122.00 NOTE
r-oldrel-macos-arm64 0.1.1 36.00 NOTE
r-oldrel-macos-x86_64 0.1.1 61.00 NOTE
r-oldrel-windows-ix86+x86_64 0.1.1 22.00 96.00 118.00 NOTE

Check Details

Version: 0.1.1
Check: LazyData
Result: NOTE
     'LazyData' is specified without a 'data' directory
Flavors: r-devel-linux-x86_64-debian-clang, r-devel-linux-x86_64-debian-gcc, r-devel-linux-x86_64-fedora-clang, r-devel-linux-x86_64-fedora-gcc, r-devel-windows-x86_64, r-patched-linux-x86_64, r-release-linux-x86_64, r-release-macos-arm64, r-release-macos-x86_64, r-release-windows-x86_64, r-oldrel-macos-arm64, r-oldrel-macos-x86_64, r-oldrel-windows-ix86+x86_64