CRAN Package Check Results for Package vov

Last updated on 2022-05-18 01:50:06 CEST.

Flavor Version Tinstall Tcheck Ttotal Status Flags
r-devel-linux-x86_64-debian-clang 0.1.2 2.50 39.06 41.56 NOTE
r-devel-linux-x86_64-debian-gcc 0.1.2 2.64 29.69 32.33 NOTE
r-devel-linux-x86_64-fedora-clang 0.1.2 50.75 NOTE
r-devel-linux-x86_64-fedora-gcc 0.1.2 49.11 NOTE
r-devel-windows-x86_64 0.1.2 26.00 83.00 109.00 NOTE
r-patched-linux-x86_64 0.1.2 3.82 36.95 40.77 NOTE
r-release-linux-x86_64 0.1.2 2.94 37.34 40.28 NOTE
r-release-macos-arm64 0.1.2 18.00 NOTE
r-release-macos-x86_64 0.1.2 32.00 NOTE
r-release-windows-x86_64 0.1.2 33.00 61.00 94.00 NOTE
r-oldrel-macos-arm64 0.1.2 23.00 NOTE
r-oldrel-macos-x86_64 0.1.2 27.00 NOTE
r-oldrel-windows-ix86+x86_64 0.1.2 7.00 52.00 59.00 NOTE

Check Details

Version: 0.1.2
Check: LazyData
Result: NOTE
     'LazyData' is specified without a 'data' directory
Flavors: r-devel-linux-x86_64-debian-clang, r-devel-linux-x86_64-debian-gcc, r-devel-linux-x86_64-fedora-clang, r-devel-linux-x86_64-fedora-gcc, r-devel-windows-x86_64, r-patched-linux-x86_64, r-release-linux-x86_64, r-release-macos-arm64, r-release-macos-x86_64, r-release-windows-x86_64, r-oldrel-macos-arm64, r-oldrel-macos-x86_64, r-oldrel-windows-ix86+x86_64