CRAN Package Check Results for Package vsd

Last updated on 2022-01-28 23:49:24 CET.

Flavor Version Tinstall Tcheck Ttotal Status Flags
r-devel-linux-x86_64-debian-clang 0.1.0 10.84 106.30 117.14 OK
r-devel-linux-x86_64-debian-gcc 0.1.0 9.05 78.67 87.72 OK
r-devel-linux-x86_64-fedora-clang 0.1.0 128.29 NOTE
r-devel-linux-x86_64-fedora-gcc 0.1.0 121.69 NOTE
r-devel-windows-x86_64-new-UL 0.1.0 21.00 117.00 138.00 OK
r-devel-windows-x86_64-new-TK 0.1.0 ERROR
r-patched-linux-x86_64 0.1.0 14.90 89.32 104.22 OK
r-release-linux-x86_64 0.1.0 8.62 89.38 98.00 OK
r-release-macos-arm64 0.1.0 NOTE
r-release-macos-x86_64 0.1.0 NOTE
r-release-windows-ix86+x86_64 0.1.0 18.00 105.00 123.00 OK
r-oldrel-macos-x86_64 0.1.0 NOTE
r-oldrel-windows-ix86+x86_64 0.1.0 25.00 107.00 132.00 OK

Check Details

Version: 0.1.0
Check: dependencies in R code
Result: NOTE
    Namespace in Imports field not imported from: ‘flexsurv’
     All declared Imports should be used.
Flavors: r-devel-linux-x86_64-fedora-clang, r-devel-linux-x86_64-fedora-gcc, r-release-macos-arm64, r-release-macos-x86_64, r-oldrel-macos-x86_64

Version: 0.1.0
Check: package dependencies
Result: ERROR
    Packages required but not available: 'survminer', 'ggpubr'
    
    See section 'The DESCRIPTION file' in the 'Writing R Extensions'
    manual.
Flavor: r-devel-windows-x86_64-new-TK