CRAN Package Check Results for Package vstsr

Last updated on 2023-02-01 09:53:21 CET.

Flavor Version Tinstall Tcheck Ttotal Status Flags
r-devel-linux-x86_64-debian-clang 1.1.0 3.52 24.69 28.21 OK
r-devel-linux-x86_64-debian-gcc 1.1.0 2.57 19.90 22.47 OK
r-devel-linux-x86_64-fedora-clang 1.1.0 36.63 NOTE
r-devel-linux-x86_64-fedora-gcc 1.1.0 35.55 NOTE
r-devel-windows-x86_64 1.1.0 13.00 59.00 72.00 OK
r-patched-linux-x86_64 1.1.0 3.54 24.96 28.50 OK
r-release-linux-x86_64 1.1.0 3.27 24.61 27.88 OK
r-release-macos-arm64 1.1.0 15.00 NOTE
r-release-macos-x86_64 1.1.0 22.00 NOTE
r-release-windows-x86_64 1.1.0 16.00 56.00 72.00 OK
r-oldrel-macos-arm64 1.1.0 20.00 NOTE
r-oldrel-macos-x86_64 1.1.0 24.00 NOTE
r-oldrel-windows-ix86+x86_64 1.1.0 7.00 47.00 54.00 OK

Check Details

Version: 1.1.0
Check: dependencies in R code
Result: NOTE
    Namespace in Imports field not imported from: ‘R6’
     All declared Imports should be used.
Flavors: r-devel-linux-x86_64-fedora-clang, r-devel-linux-x86_64-fedora-gcc, r-release-macos-arm64, r-release-macos-x86_64, r-oldrel-macos-arm64, r-oldrel-macos-x86_64