Last updated on 2022-05-29 07:53:11 CEST.
Flavor | Version | Tinstall | Tcheck | Ttotal | Status | Flags |
---|---|---|---|---|---|---|
r-devel-linux-x86_64-debian-clang | 1.0.4 | 531.40 | 287.27 | 818.67 | NOTE | |
r-devel-linux-x86_64-debian-gcc | 1.0.4 | 471.59 | 232.86 | 704.45 | NOTE | |
r-devel-linux-x86_64-fedora-clang | 1.0.4 | 1126.17 | NOTE | |||
r-devel-linux-x86_64-fedora-gcc | 1.0.4 | 1148.93 | NOTE | |||
r-devel-windows-x86_64 | 1.0.4 | 338.00 | 352.00 | 690.00 | NOTE | |
r-patched-linux-x86_64 | 1.0.4 | 462.58 | 299.73 | 762.31 | NOTE | |
r-release-linux-x86_64 | 1.0.4 | 388.78 | 299.22 | 688.00 | NOTE | |
r-release-macos-arm64 | 1.0.4 | 291.00 | NOTE | |||
r-release-macos-x86_64 | 1.0.4 | 477.00 | NOTE | |||
r-release-windows-x86_64 | 1.0.4 | 378.00 | 359.00 | 737.00 | NOTE | |
r-oldrel-macos-arm64 | 1.0.4 | 323.00 | NOTE | |||
r-oldrel-macos-x86_64 | 1.0.4 | 355.00 | NOTE | |||
r-oldrel-windows-ix86+x86_64 | 1.0.4 | 1145.00 | 450.00 | 1595.00 | NOTE |
Version: 1.0.4
Check: for GNU extensions in Makefiles
Result: NOTE
GNU make is a SystemRequirements.
Flavors: r-devel-linux-x86_64-debian-clang, r-devel-linux-x86_64-debian-gcc, r-devel-linux-x86_64-fedora-clang, r-devel-linux-x86_64-fedora-gcc, r-devel-windows-x86_64, r-patched-linux-x86_64, r-release-linux-x86_64, r-release-macos-arm64, r-release-macos-x86_64, r-release-windows-x86_64, r-oldrel-macos-arm64, r-oldrel-macos-x86_64, r-oldrel-windows-ix86+x86_64
Version: 1.0.4
Check: installed package size
Result: NOTE
installed size is 59.1Mb
sub-directories of 1Mb or more:
doc 1.0Mb
libs 57.7Mb
Flavors: r-devel-linux-x86_64-fedora-clang, r-devel-windows-x86_64, r-release-macos-arm64, r-release-macos-x86_64, r-release-windows-x86_64, r-oldrel-macos-arm64, r-oldrel-macos-x86_64, r-oldrel-windows-ix86+x86_64