CRAN Package Check Results for Package warp

Last updated on 2022-09-30 17:50:45 CEST.

Flavor Version Tinstall Tcheck Ttotal Status Flags
r-devel-linux-x86_64-debian-clang 0.2.0 5.73 55.30 61.03 NOTE
r-devel-linux-x86_64-debian-gcc 0.2.0 3.76 41.21 44.97 NOTE
r-devel-linux-x86_64-fedora-clang 0.2.0 85.65 NOTE
r-devel-linux-x86_64-fedora-gcc 0.2.0 83.84 NOTE
r-devel-windows-x86_64 0.2.0 19.00 85.00 104.00 NOTE
r-patched-linux-x86_64 0.2.0 5.06 53.89 58.95 NOTE
r-release-linux-x86_64 0.2.0 4.50 53.24 57.74 NOTE
r-release-macos-arm64 0.2.0 27.00 NOTE
r-release-macos-x86_64 0.2.0 44.00 NOTE
r-release-windows-x86_64 0.2.0 27.00 90.00 117.00 NOTE
r-oldrel-macos-arm64 0.2.0 34.00 NOTE
r-oldrel-macos-x86_64 0.2.0 61.00 NOTE
r-oldrel-windows-ix86+x86_64 0.2.0 24.00 132.00 156.00 NOTE

Check Details

Version: 0.2.0
Check: LazyData
Result: NOTE
     'LazyData' is specified without a 'data' directory
Flavors: r-devel-linux-x86_64-debian-clang, r-devel-linux-x86_64-debian-gcc, r-devel-linux-x86_64-fedora-clang, r-devel-linux-x86_64-fedora-gcc, r-devel-windows-x86_64, r-patched-linux-x86_64, r-release-linux-x86_64, r-release-macos-arm64, r-release-macos-x86_64, r-release-windows-x86_64, r-oldrel-macos-arm64, r-oldrel-macos-x86_64, r-oldrel-windows-ix86+x86_64