Last updated on 2022-05-23 19:51:14 CEST.
Flavor | Version | Tinstall | Tcheck | Ttotal | Status | Flags |
---|---|---|---|---|---|---|
r-devel-linux-x86_64-debian-clang | 0.3-0.2 | 6.55 | 56.78 | 63.33 | OK | |
r-devel-linux-x86_64-debian-gcc | 0.3-0.2 | 5.59 | 43.62 | 49.21 | OK | |
r-devel-linux-x86_64-fedora-clang | 0.3-0.2 | 74.83 | NOTE | |||
r-devel-linux-x86_64-fedora-gcc | 0.3-0.2 | 64.47 | NOTE | |||
r-devel-windows-x86_64 | 0.3-0.2 | 35.00 | 71.00 | 106.00 | OK | |
r-patched-linux-x86_64 | 0.3-0.2 | 6.72 | 53.69 | 60.41 | OK | |
r-release-linux-x86_64 | 0.3-0.2 | OK | ||||
r-release-macos-arm64 | 0.3-0.2 | 26.00 | OK | |||
r-release-macos-x86_64 | 0.3-0.2 | 33.00 | OK | |||
r-release-windows-x86_64 | 0.3-0.2 | 16.00 | 70.00 | 86.00 | OK | |
r-oldrel-macos-arm64 | 0.3-0.2 | 29.00 | OK | |||
r-oldrel-macos-x86_64 | 0.3-0.2 | 44.00 | OK | |||
r-oldrel-windows-ix86+x86_64 | 0.3-0.2 | 16.00 | 53.00 | 69.00 | OK |
Version: 0.3-0.2
Check: compiled code
Result: NOTE
File ‘wavelets/libs/wavelets.so’:
Found no calls to: ‘R_registerRoutines’, ‘R_useDynamicSymbols’
It is good practice to register native routines and to disable symbol
search.
See ‘Writing portable packages’ in the ‘Writing R Extensions’ manual.
Flavors: r-devel-linux-x86_64-fedora-clang, r-devel-linux-x86_64-fedora-gcc