CRAN Package Check Results for Package wbstats

Last updated on 2022-05-19 03:56:12 CEST.

Flavor Version Tinstall Tcheck Ttotal Status Flags
r-devel-linux-x86_64-debian-clang 1.0.4 7.70 60.93 68.63 OK
r-devel-linux-x86_64-debian-gcc 1.0.4 5.61 46.38 51.99 OK
r-devel-linux-x86_64-fedora-clang 1.0.4 81.02 NOTE
r-devel-linux-x86_64-fedora-gcc 1.0.4 77.36 NOTE
r-devel-windows-x86_64 1.0.4 32.00 80.00 112.00 OK
r-patched-linux-x86_64 1.0.4 5.85 57.65 63.50 OK
r-release-linux-x86_64 1.0.4 5.45 57.16 62.61 OK
r-release-macos-arm64 1.0.4 28.00 NOTE
r-release-macos-x86_64 1.0.4 45.00 NOTE
r-release-windows-x86_64 1.0.4 34.00 94.00 128.00 OK
r-oldrel-macos-arm64 1.0.4 30.00 NOTE
r-oldrel-macos-x86_64 1.0.4 42.00 NOTE
r-oldrel-windows-ix86+x86_64 1.0.4 15.00 72.00 87.00 OK

Check Details

Version: 1.0.4
Check: data for non-ASCII characters
Result: NOTE
     Note: found 3133 marked UTF-8 strings
Flavors: r-devel-linux-x86_64-fedora-clang, r-devel-linux-x86_64-fedora-gcc, r-release-macos-arm64, r-release-macos-x86_64, r-oldrel-macos-arm64, r-oldrel-macos-x86_64