CRAN Package Check Results for Package webchem

Last updated on 2024-05-19 00:14:23 CEST.

Flavor Version Tinstall Tcheck Ttotal Status Flags
r-devel-linux-x86_64-debian-clang 1.3.0 9.15 79.09 88.24 NOTE
r-devel-linux-x86_64-debian-gcc 1.3.0 6.92 59.71 66.63 NOTE
r-devel-linux-x86_64-fedora-clang 1.3.0 114.97 NOTE
r-devel-linux-x86_64-fedora-gcc 1.3.0 165.71 NOTE
r-devel-windows-x86_64 1.3.0 10.00 86.00 96.00 NOTE
r-patched-linux-x86_64 1.3.0 8.77 76.35 85.12 NOTE
r-release-linux-x86_64 1.3.0 8.56 77.39 85.95 NOTE
r-release-macos-arm64 1.3.0 38.00 NOTE
r-release-windows-x86_64 1.3.0 10.00 86.00 96.00 NOTE
r-oldrel-macos-arm64 1.3.0 122.00 OK
r-oldrel-macos-x86_64 1.3.0 69.00 OK
r-oldrel-windows-x86_64 1.3.0 13.00 98.00 111.00 OK

Check Details

Version: 1.3.0
Check: Rd files
Result: NOTE checkRd: (-1) get_cid.Rd:58-59: Lost braces 58 | <structure search> is assembled as "{\code{substructure} | | ^ checkRd: (-1) get_cid.Rd:59-60: Lost braces 59 | \code{superstructure} | \code{similarity} | \code{identity}} / {\code{smiles} | ^ checkRd: (-1) get_cid.Rd:70-71: Lost braces 70 | "{\code{fastidentity} | \code{fastsimilarity_2d} | \code{fastsimilarity_3d} | | ^ checkRd: (-1) get_cid.Rd:71-72: Lost braces 71 | \code{fastsubstructure} | \code{fastsuperstructure}}/{\code{smiles} | | ^ Flavors: r-devel-linux-x86_64-debian-clang, r-devel-linux-x86_64-debian-gcc, r-devel-linux-x86_64-fedora-clang, r-devel-linux-x86_64-fedora-gcc, r-devel-windows-x86_64, r-patched-linux-x86_64, r-release-linux-x86_64, r-release-macos-arm64, r-release-windows-x86_64