Last updated on 2023-01-31 16:55:01 CET.
Flavor | Version | Tinstall | Tcheck | Ttotal | Status | Flags |
---|---|---|---|---|---|---|
r-devel-linux-x86_64-debian-clang | 0.1.1 | 10.84 | 634.72 | 645.56 | OK | |
r-devel-linux-x86_64-debian-gcc | 0.1.1 | 7.95 | 320.75 | 328.70 | OK | |
r-devel-linux-x86_64-fedora-clang | 0.1.1 | 324.62 | NOTE | |||
r-devel-linux-x86_64-fedora-gcc | 0.1.1 | 239.33 | OK | |||
r-devel-windows-x86_64 | 0.1.1 | 104.00 | 472.00 | 576.00 | OK | |
r-patched-linux-x86_64 | 0.1.1 | 10.67 | 196.12 | 206.79 | OK | |
r-release-linux-x86_64 | 0.1.1 | 7.63 | 193.63 | 201.26 | OK | |
r-release-macos-arm64 | 0.1.1 | 62.00 | OK | |||
r-release-macos-x86_64 | 0.1.1 | 99.00 | OK | |||
r-release-windows-x86_64 | 0.1.1 | 101.00 | 222.00 | 323.00 | OK | |
r-oldrel-macos-arm64 | 0.1.1 | 60.00 | OK | |||
r-oldrel-macos-x86_64 | 0.1.1 | 98.00 | OK | |||
r-oldrel-windows-ix86+x86_64 | 0.1.1 | 23.00 | 224.00 | 247.00 | OK |
Version: 0.1.1
Check: Rd cross-references
Result: NOTE
Undeclared package ‘purrr’ in Rd xrefs
Flavor: r-devel-linux-x86_64-fedora-clang