CRAN Package Check Results for Package weightedScores

Last updated on 2022-05-16 12:55:15 CEST.

Flavor Version Tinstall Tcheck Ttotal Status Flags
r-devel-linux-x86_64-debian-clang 0.9.5.3 9.43 151.70 161.13 OK
r-devel-linux-x86_64-debian-gcc 0.9.5.3 8.34 112.35 120.69 OK
r-devel-linux-x86_64-fedora-clang 0.9.5.3 185.80 NOTE
r-devel-linux-x86_64-fedora-gcc 0.9.5.3 184.42 NOTE
r-devel-windows-x86_64 0.9.5.3 79.00 157.00 236.00 OK
r-patched-linux-x86_64 0.9.5.3 10.10 142.61 152.71 OK
r-release-linux-x86_64 0.9.5.3 9.08 144.95 154.03 OK
r-release-macos-arm64 0.9.5.3 40.00 OK
r-release-macos-x86_64 0.9.5.3 63.00 OK
r-release-windows-x86_64 0.9.5.3 22.00 157.00 179.00 OK
r-oldrel-macos-arm64 0.9.5.3 47.00 OK
r-oldrel-macos-x86_64 0.9.5.3 93.00 OK
r-oldrel-windows-ix86+x86_64 0.9.5.3 23.00 266.00 289.00 OK

Check Details

Version: 0.9.5.3
Check: compiled code
Result: NOTE
    File ‘weightedScores/libs/weightedScores.so’:
     Found no calls to: ‘R_registerRoutines’, ‘R_useDynamicSymbols’
    
    It is good practice to register native routines and to disable symbol
    search.
    
    See ‘Writing portable packages’ in the ‘Writing R Extensions’ manual.
Flavors: r-devel-linux-x86_64-fedora-clang, r-devel-linux-x86_64-fedora-gcc