CRAN Package Check Results for Package weightedScores

Last updated on 2024-05-21 05:01:05 CEST.

Flavor Version Tinstall Tcheck Ttotal Status Flags
r-devel-linux-x86_64-debian-clang 0.9.5.3 9.20 165.23 174.43 NOTE
r-devel-linux-x86_64-debian-gcc 0.9.5.3 9.30 107.72 117.02 NOTE
r-devel-linux-x86_64-fedora-clang 0.9.5.3 194.90 NOTE
r-devel-linux-x86_64-fedora-gcc 0.9.5.3 184.18 NOTE
r-devel-windows-x86_64 0.9.5.3 14.00 191.00 205.00 NOTE
r-patched-linux-x86_64 0.9.5.3 13.00 145.79 158.79 NOTE
r-release-linux-x86_64 0.9.5.3 11.42 149.14 160.56 NOTE
r-release-macos-arm64 0.9.5.3 42.00 NOTE
r-release-windows-x86_64 0.9.5.3 13.00 118.00 131.00 NOTE
r-oldrel-macos-arm64 0.9.5.3 46.00 OK
r-oldrel-macos-x86_64 0.9.5.3 94.00 OK
r-oldrel-windows-x86_64 0.9.5.3 14.00 145.00 159.00 OK

Check Details

Version: 0.9.5.3
Check: Rd files
Result: NOTE checkRd: (-1) CLIC.Rd:149: Lost braces 149 | Composite likelihood {E}{M} algorithm with applications to | ^ Flavors: r-devel-linux-x86_64-debian-clang, r-devel-linux-x86_64-debian-gcc, r-devel-linux-x86_64-fedora-clang, r-devel-linux-x86_64-fedora-gcc, r-devel-windows-x86_64, r-patched-linux-x86_64, r-release-linux-x86_64, r-release-macos-arm64, r-release-windows-x86_64

Version: 0.9.5.3
Check: compiled code
Result: NOTE File ‘weightedScores/libs/weightedScores.so’: Found no calls to: ‘R_registerRoutines’, ‘R_useDynamicSymbols’ It is good practice to register native routines and to disable symbol search. See ‘Writing portable packages’ in the ‘Writing R Extensions’ manual. Flavors: r-devel-linux-x86_64-fedora-clang, r-devel-linux-x86_64-fedora-gcc