CRAN Package Check Results for Package whitestrap

Last updated on 2022-05-16 07:49:16 CEST.

Flavor Version Tinstall Tcheck Ttotal Status Flags
r-devel-linux-x86_64-debian-clang 0.0.1 1.76 43.76 45.52 NOTE
r-devel-linux-x86_64-debian-gcc 0.0.1 1.59 33.01 34.60 NOTE
r-devel-linux-x86_64-fedora-clang 0.0.1 54.64 NOTE
r-devel-linux-x86_64-fedora-gcc 0.0.1 53.52 NOTE
r-devel-windows-x86_64 0.0.1 21.00 59.00 80.00 NOTE
r-patched-linux-x86_64 0.0.1 2.16 41.99 44.15 NOTE
r-release-linux-x86_64 0.0.1 1.93 42.35 44.28 NOTE
r-release-macos-arm64 0.0.1 18.00 NOTE
r-release-macos-x86_64 0.0.1 25.00 NOTE
r-release-windows-x86_64 0.0.1 30.00 57.00 87.00 NOTE
r-oldrel-macos-arm64 0.0.1 21.00 NOTE
r-oldrel-macos-x86_64 0.0.1 33.00 NOTE
r-oldrel-windows-ix86+x86_64 0.0.1 6.00 54.00 60.00 NOTE

Check Details

Version: 0.0.1
Check: LazyData
Result: NOTE
     'LazyData' is specified without a 'data' directory
Flavors: r-devel-linux-x86_64-debian-clang, r-devel-linux-x86_64-debian-gcc, r-devel-linux-x86_64-fedora-clang, r-devel-linux-x86_64-fedora-gcc, r-devel-windows-x86_64, r-patched-linux-x86_64, r-release-linux-x86_64, r-release-macos-arm64, r-release-macos-x86_64, r-release-windows-x86_64, r-oldrel-macos-arm64, r-oldrel-macos-x86_64, r-oldrel-windows-ix86+x86_64