CRAN Package Check Results for Package wiad

Last updated on 2022-05-19 03:56:12 CEST.

Flavor Version Tinstall Tcheck Ttotal Status Flags
r-devel-linux-x86_64-debian-clang 0.0.1.0 6.27 72.84 79.11 NOTE
r-devel-linux-x86_64-debian-gcc 0.0.1.0 5.49 54.25 59.74 NOTE
r-devel-linux-x86_64-fedora-clang 0.0.1.0 95.42 NOTE
r-devel-linux-x86_64-fedora-gcc 0.0.1.0 89.25 NOTE
r-devel-windows-x86_64 0.0.1.0 15.00 85.00 100.00 NOTE
r-patched-linux-x86_64 0.0.1.0 5.89 68.50 74.39 NOTE
r-release-linux-x86_64 0.0.1.0 5.12 67.23 72.35 NOTE
r-release-macos-arm64 0.0.1.0 24.00 NOTE
r-release-macos-x86_64 0.0.1.0 52.00 NOTE
r-release-windows-x86_64 0.0.1.0 16.00 87.00 103.00 NOTE
r-oldrel-macos-arm64 0.0.1.0 28.00 NOTE
r-oldrel-macos-x86_64 0.0.1.0 42.00 NOTE
r-oldrel-windows-ix86+x86_64 0.0.1.0 17.00 84.00 101.00 NOTE

Check Details

Version: 0.0.1.0
Check: LazyData
Result: NOTE
     'LazyData' is specified without a 'data' directory
Flavors: r-devel-linux-x86_64-debian-clang, r-devel-linux-x86_64-debian-gcc, r-devel-linux-x86_64-fedora-clang, r-devel-linux-x86_64-fedora-gcc, r-devel-windows-x86_64, r-patched-linux-x86_64, r-release-linux-x86_64, r-release-macos-arm64, r-release-macos-x86_64, r-release-windows-x86_64, r-oldrel-macos-arm64, r-oldrel-macos-x86_64, r-oldrel-windows-ix86+x86_64