CRAN Package Check Results for Package widgetframe

Last updated on 2022-05-29 02:49:13 CEST.

Flavor Version Tinstall Tcheck Ttotal Status Flags
r-devel-linux-x86_64-debian-clang 0.3.1 3.23 42.33 45.56 NOTE
r-devel-linux-x86_64-debian-gcc 0.3.1 2.37 33.34 35.71 NOTE
r-devel-linux-x86_64-fedora-clang 0.3.1 55.16 NOTE
r-devel-linux-x86_64-fedora-gcc 0.3.1 43.22 NOTE
r-devel-windows-x86_64 0.3.1 23.00 63.00 86.00 NOTE
r-patched-linux-x86_64 0.3.1 2.22 41.09 43.31 NOTE
r-release-linux-x86_64 0.3.1 2.50 40.81 43.31 NOTE
r-release-macos-arm64 0.3.1 19.00 NOTE
r-release-macos-x86_64 0.3.1 28.00 NOTE
r-release-windows-x86_64 0.3.1 23.00 63.00 86.00 NOTE
r-oldrel-macos-arm64 0.3.1 24.00 NOTE
r-oldrel-macos-x86_64 0.3.1 32.00 NOTE
r-oldrel-windows-ix86+x86_64 0.3.1 7.00 51.00 58.00 NOTE

Check Details

Version: 0.3.1
Check: LazyData
Result: NOTE
     'LazyData' is specified without a 'data' directory
Flavors: r-devel-linux-x86_64-debian-clang, r-devel-linux-x86_64-debian-gcc, r-devel-linux-x86_64-fedora-clang, r-devel-linux-x86_64-fedora-gcc, r-devel-windows-x86_64, r-patched-linux-x86_64, r-release-linux-x86_64, r-release-macos-arm64, r-release-macos-x86_64, r-release-windows-x86_64, r-oldrel-macos-arm64, r-oldrel-macos-x86_64, r-oldrel-windows-ix86+x86_64