Last updated on 2022-05-20 20:54:48 CEST.
Flavor | Version | Tinstall | Tcheck | Ttotal | Status | Flags |
---|---|---|---|---|---|---|
r-devel-linux-x86_64-debian-clang | 0.2 | 2.72 | 38.89 | 41.61 | OK | |
r-devel-linux-x86_64-debian-gcc | 0.2 | 2.53 | 30.24 | 32.77 | OK | |
r-devel-linux-x86_64-fedora-clang | 0.2 | 51.51 | NOTE | |||
r-devel-linux-x86_64-fedora-gcc | 0.2 | 50.26 | NOTE | |||
r-devel-windows-x86_64 | 0.2 | 31.00 | 77.00 | 108.00 | NOTE | |
r-patched-linux-x86_64 | 0.2 | 3.25 | 37.87 | 41.12 | OK | |
r-release-linux-x86_64 | 0.2 | 3.53 | 38.07 | 41.60 | OK | |
r-release-macos-arm64 | 0.2 | 18.00 | OK | |||
r-release-macos-x86_64 | 0.2 | 25.00 | OK | |||
r-release-windows-x86_64 | 0.2 | 31.00 | 80.00 | 111.00 | NOTE | |
r-oldrel-macos-arm64 | 0.2 | 18.00 | OK | |||
r-oldrel-macos-x86_64 | 0.2 | 33.00 | OK | |||
r-oldrel-windows-ix86+x86_64 | 0.2 | 61.00 | 82.00 | 143.00 | NOTE |
Version: 0.2
Check: compiled code
Result: NOTE
File ‘wingui/libs/wingui.so’:
Found no calls to: ‘R_registerRoutines’, ‘R_useDynamicSymbols’
It is good practice to register native routines and to disable symbol
search.
See ‘Writing portable packages’ in the ‘Writing R Extensions’ manual.
Flavors: r-devel-linux-x86_64-fedora-clang, r-devel-linux-x86_64-fedora-gcc
Version: 0.2
Check: R code for possible problems
Result: NOTE
.__A__.1 : <anonymous>: no visible binding for global variable '.hwnd'
Undefined global functions or variables:
.hwnd
Flavors: r-devel-windows-x86_64, r-release-windows-x86_64, r-oldrel-windows-ix86+x86_64