CRAN Package Check Results for Package wkNNMI

Last updated on 2023-05-30 17:00:20 CEST.

Flavor Version Tinstall Tcheck Ttotal Status Flags
r-devel-linux-x86_64-debian-clang 1.0.0 3.36 29.55 32.91 NOTE
r-devel-linux-x86_64-debian-gcc 1.0.0 2.59 22.64 25.23 NOTE
r-devel-linux-x86_64-fedora-clang 1.0.0 40.16 NOTE
r-devel-linux-x86_64-fedora-gcc 1.0.0 39.24 NOTE
r-devel-windows-x86_64 1.0.0 4.00 45.00 49.00 NOTE
r-patched-linux-x86_64 1.0.0 3.11 28.42 31.53 NOTE
r-release-linux-x86_64 1.0.0 2.74 28.23 30.97 NOTE
r-release-macos-arm64 1.0.0 18.00 NOTE
r-release-macos-x86_64 1.0.0 24.00 NOTE
r-release-windows-x86_64 1.0.0 5.00 45.00 50.00 NOTE
r-oldrel-macos-arm64 1.0.0 18.00 OK
r-oldrel-macos-x86_64 1.0.0 23.00 OK
r-oldrel-windows-x86_64 1.0.0 4.00 47.00 51.00 OK

Check Details

Version: 1.0.0
Check: package subdirectories
Result: NOTE
    Problems with news in ‘NEWS.md’:
    No news entries found.
Flavors: r-devel-linux-x86_64-debian-clang, r-devel-linux-x86_64-debian-gcc, r-devel-linux-x86_64-fedora-clang, r-devel-linux-x86_64-fedora-gcc, r-devel-windows-x86_64, r-patched-linux-x86_64, r-release-linux-x86_64, r-release-macos-arm64, r-release-macos-x86_64, r-release-windows-x86_64