CRAN Package Check Results for Package wosr

Last updated on 2023-02-09 13:00:36 CET.

Flavor Version Tinstall Tcheck Ttotal Status Flags
r-devel-linux-x86_64-debian-clang 0.3.0 3.13 30.54 33.67 NOTE
r-devel-linux-x86_64-debian-gcc 0.3.0 2.39 23.80 26.19 NOTE
r-devel-linux-x86_64-fedora-clang 0.3.0 42.90 NOTE
r-devel-linux-x86_64-fedora-gcc 0.3.0 43.62 NOTE
r-devel-windows-x86_64 0.3.0 23.00 64.00 87.00 NOTE
r-patched-linux-x86_64 0.3.0 3.17 30.20 33.37 NOTE
r-release-linux-x86_64 0.3.0 2.57 30.31 32.88 NOTE
r-release-macos-arm64 0.3.0 20.00 NOTE
r-release-macos-x86_64 0.3.0 24.00 NOTE
r-release-windows-x86_64 0.3.0 24.00 62.00 86.00 NOTE
r-oldrel-macos-arm64 0.3.0 23.00 NOTE
r-oldrel-macos-x86_64 0.3.0 29.00 NOTE
r-oldrel-windows-ix86+x86_64 0.3.0 7.00 53.00 60.00 NOTE

Check Details

Version: 0.3.0
Check: LazyData
Result: NOTE
     'LazyData' is specified without a 'data' directory
Flavors: r-devel-linux-x86_64-debian-clang, r-devel-linux-x86_64-debian-gcc, r-devel-linux-x86_64-fedora-clang, r-devel-linux-x86_64-fedora-gcc, r-devel-windows-x86_64, r-patched-linux-x86_64, r-release-linux-x86_64, r-release-macos-arm64, r-release-macos-x86_64, r-release-windows-x86_64, r-oldrel-macos-arm64, r-oldrel-macos-x86_64, r-oldrel-windows-ix86+x86_64