Last updated on 2022-05-19 18:50:55 CEST.
Flavor | Version | Tinstall | Tcheck | Ttotal | Status | Flags |
---|---|---|---|---|---|---|
r-devel-linux-x86_64-debian-clang | 1.0.1 | 27.65 | 78.02 | 105.67 | OK | |
r-devel-linux-x86_64-debian-gcc | 1.0.1 | 20.09 | 58.91 | 79.00 | OK | |
r-devel-linux-x86_64-fedora-clang | 1.0.1 | 125.95 | OK | |||
r-devel-linux-x86_64-fedora-gcc | 1.0.1 | 119.15 | OK | |||
r-devel-windows-x86_64 | 1.0.1 | 67.00 | 108.00 | 175.00 | WARN | |
r-patched-linux-x86_64 | 1.0.1 | 20.70 | 75.69 | 96.39 | OK | |
r-release-linux-x86_64 | 1.0.1 | 21.63 | 74.19 | 95.82 | OK | |
r-release-macos-arm64 | 1.0.1 | 31.00 | OK | |||
r-release-macos-x86_64 | 1.0.1 | 50.00 | OK | |||
r-release-windows-x86_64 | 1.0.1 | 64.00 | 114.00 | 178.00 | WARN | |
r-oldrel-macos-arm64 | 1.0.1 | 49.00 | OK | |||
r-oldrel-macos-x86_64 | 1.0.1 | 49.00 | OK | |||
r-oldrel-windows-ix86+x86_64 | 1.0.1 | 89.00 | 138.00 | 227.00 | OK |
Version: 1.0.1
Check: whether package can be installed
Result: WARN
Found the following significant warnings:
assp/asspfio.c:678:34: warning: ISO C does not support the 'I' printf flag [-Wformat=]
assp/asspfio.c:684:33: warning: ISO C does not support the 'I' printf flag [-Wformat=]
assp/asspfio.c:710:33: warning: ISO C does not support the 'I' printf flag [-Wformat=]
assp/asspfio.c:716:33: warning: ISO C does not support the 'I' printf flag [-Wformat=]
Flavors: r-devel-windows-x86_64, r-release-windows-x86_64