CRAN Package Check Results for Package wrswoR

Last updated on 2022-05-20 07:49:35 CEST.

Flavor Version Tinstall Tcheck Ttotal Status Flags
r-devel-linux-x86_64-debian-clang 1.1.1 19.94 43.31 63.25 NOTE
r-devel-linux-x86_64-debian-gcc 1.1.1 15.07 33.81 48.88 NOTE
r-devel-linux-x86_64-fedora-clang 1.1.1 90.75 NOTE
r-devel-linux-x86_64-fedora-gcc 1.1.1 81.06 NOTE
r-devel-windows-x86_64 1.1.1 29.00 78.00 107.00 NOTE
r-patched-linux-x86_64 1.1.1 17.59 43.30 60.89 NOTE
r-release-linux-x86_64 1.1.1 18.84 42.07 60.91 NOTE
r-release-macos-arm64 1.1.1 25.00 NOTE
r-release-macos-x86_64 1.1.1 33.00 NOTE
r-release-windows-x86_64 1.1.1 27.00 80.00 107.00 NOTE
r-oldrel-macos-arm64 1.1.1 28.00 NOTE
r-oldrel-macos-x86_64 1.1.1 40.00 NOTE
r-oldrel-windows-ix86+x86_64 1.1.1 57.00 83.00 140.00 NOTE

Check Details

Version: 1.1.1
Check: LazyData
Result: NOTE
     'LazyData' is specified without a 'data' directory
Flavors: r-devel-linux-x86_64-debian-clang, r-devel-linux-x86_64-debian-gcc, r-devel-linux-x86_64-fedora-clang, r-devel-linux-x86_64-fedora-gcc, r-devel-windows-x86_64, r-patched-linux-x86_64, r-release-linux-x86_64, r-release-macos-arm64, r-release-macos-x86_64, r-release-windows-x86_64, r-oldrel-macos-arm64, r-oldrel-macos-x86_64, r-oldrel-windows-ix86+x86_64

Version: 1.1.1
Check: package dependencies
Result: NOTE
    Package suggested but not available for checking: ‘metap’
Flavor: r-release-macos-arm64