Last updated on 2023-02-09 13:00:36 CET.
Flavor | Version | Tinstall | Tcheck | Ttotal | Status | Flags |
---|---|---|---|---|---|---|
r-devel-linux-x86_64-debian-clang | 1.0.1 | 64.87 | 78.08 | 142.95 | NOTE | |
r-devel-linux-x86_64-debian-gcc | 1.0.1 | 50.82 | 58.11 | 108.93 | NOTE | |
r-devel-linux-x86_64-fedora-clang | 1.0.1 | 187.90 | NOTE | |||
r-devel-linux-x86_64-fedora-gcc | 1.0.1 | 195.85 | NOTE | |||
r-devel-windows-x86_64 | 1.0.1 | 65.00 | 125.00 | 190.00 | NOTE | |
r-patched-linux-x86_64 | 1.0.1 | 58.07 | 74.10 | 132.17 | OK | |
r-release-linux-x86_64 | 1.0.1 | 48.10 | 74.58 | 122.68 | OK | |
r-release-macos-arm64 | 1.0.1 | 56.00 | NOTE | |||
r-release-macos-x86_64 | 1.0.1 | 70.00 | NOTE | |||
r-release-windows-x86_64 | 1.0.1 | 71.00 | 141.00 | 212.00 | OK | |
r-oldrel-macos-arm64 | 1.0.1 | 61.00 | NOTE | |||
r-oldrel-macos-x86_64 | 1.0.1 | 74.00 | NOTE | |||
r-oldrel-windows-ix86+x86_64 | 1.0.1 | 49.00 | 18.00 | 67.00 | ERROR |
Version: 1.0.1
Check: C++ specification
Result: NOTE
Specified C++11: please update to current default of C++17
Flavor: r-devel-linux-x86_64-debian-clang
Version: 1.0.1
Check: C++ specification
Result: NOTE
Specified C++11: please drop specification unless essential
Flavors: r-devel-linux-x86_64-debian-gcc, r-devel-linux-x86_64-fedora-clang, r-devel-linux-x86_64-fedora-gcc, r-devel-windows-x86_64
Version: 1.0.1
Check: dependencies in R code
Result: NOTE
Namespace in Imports field not imported from: ‘future’
All declared Imports should be used.
Flavors: r-devel-linux-x86_64-fedora-clang, r-devel-linux-x86_64-fedora-gcc, r-release-macos-arm64, r-release-macos-x86_64, r-oldrel-macos-arm64, r-oldrel-macos-x86_64
Version: 1.0.1
Check: installed package size
Result: NOTE
installed size is 5.8Mb
sub-directories of 1Mb or more:
data 4.1Mb
libs 1.4Mb
Flavors: r-release-macos-arm64, r-release-macos-x86_64, r-oldrel-macos-arm64, r-oldrel-macos-x86_64
Version: 1.0.1
Check: whether package can be installed
Result: ERROR
Installation failed.
Flavor: r-oldrel-windows-ix86+x86_64