CRAN Package Check Results for Package xergm.common

Last updated on 2022-06-29 01:50:37 CEST.

Flavor Version Tinstall Tcheck Ttotal Status Flags
r-devel-linux-x86_64-debian-clang 1.7.8 11.73 99.47 111.20 OK
r-devel-linux-x86_64-debian-gcc 1.7.8 10.32 74.37 84.69 OK
r-devel-linux-x86_64-fedora-clang 1.7.8 144.29 NOTE
r-devel-linux-x86_64-fedora-gcc 1.7.8 140.11 OK
r-devel-windows-x86_64 1.7.8 28.00 117.00 145.00 OK
r-patched-linux-x86_64 1.7.8 8.90 93.46 102.36 OK
r-release-linux-x86_64 1.7.8 10.98 94.58 105.56 OK
r-release-macos-arm64 1.7.8 35.00 OK
r-release-macos-x86_64 1.7.8 56.00 OK
r-release-windows-x86_64 1.7.8 41.00 112.00 153.00 OK
r-oldrel-macos-arm64 1.7.8 44.00 OK
r-oldrel-macos-x86_64 1.7.8 66.00 OK
r-oldrel-windows-ix86+x86_64 1.7.8 26.00 113.00 139.00 OK

Check Details

Version: 1.7.8
Check: Rd cross-references
Result: NOTE
    Undeclared package ‘RSiena’ in Rd xrefs
Flavor: r-devel-linux-x86_64-fedora-clang