CRAN Package Check Results for Package xlutils3

Last updated on 2022-05-17 20:51:34 CEST.

Flavor Version Tinstall Tcheck Ttotal Status Flags
r-devel-linux-x86_64-debian-clang 0.1.0 2.23 35.60 37.83 NOTE
r-devel-linux-x86_64-debian-gcc 0.1.0 1.69 26.63 28.32 NOTE
r-devel-linux-x86_64-fedora-clang 0.1.0 44.51 NOTE
r-devel-linux-x86_64-fedora-gcc 0.1.0 43.09 NOTE
r-devel-windows-x86_64 0.1.0 18.00 51.00 69.00 NOTE
r-patched-linux-x86_64 0.1.0 1.54 31.91 33.45 NOTE
r-release-linux-x86_64 0.1.0 1.89 33.00 34.89 NOTE
r-release-macos-arm64 0.1.0 17.00 NOTE
r-release-macos-x86_64 0.1.0 29.00 NOTE
r-release-windows-x86_64 0.1.0 20.00 57.00 77.00 NOTE
r-oldrel-macos-arm64 0.1.0 21.00 NOTE
r-oldrel-macos-x86_64 0.1.0 31.00 NOTE
r-oldrel-windows-ix86+x86_64 0.1.0 5.00 45.00 50.00 NOTE

Check Details

Version: 0.1.0
Check: LazyData
Result: NOTE
     'LazyData' is specified without a 'data' directory
Flavors: r-devel-linux-x86_64-debian-clang, r-devel-linux-x86_64-debian-gcc, r-devel-linux-x86_64-fedora-clang, r-devel-linux-x86_64-fedora-gcc, r-devel-windows-x86_64, r-patched-linux-x86_64, r-release-linux-x86_64, r-release-macos-arm64, r-release-macos-x86_64, r-release-windows-x86_64, r-oldrel-macos-arm64, r-oldrel-macos-x86_64, r-oldrel-windows-ix86+x86_64