CRAN Package Check Results for Package xml2

Last updated on 2022-01-20 04:53:10 CET.

Flavor Version Tinstall Tcheck Ttotal Status Flags
r-devel-linux-x86_64-debian-clang 1.3.3 OK
r-devel-linux-x86_64-debian-gcc 1.3.3 10.21 37.86 48.07 OK
r-devel-linux-x86_64-fedora-clang 1.3.3 94.56 OK
r-devel-linux-x86_64-fedora-gcc 1.3.3 68.23 OK
r-devel-windows-x86_64-new-UL 1.3.3 152.00 102.00 254.00 OK
r-devel-windows-x86_64-new-TK 1.3.3 OK
r-patched-linux-x86_64 1.3.3 11.65 47.27 58.92 OK
r-release-linux-x86_64 1.3.3 OK
r-release-macos-arm64 1.3.3 NOTE
r-release-macos-x86_64 1.3.3 NOTE
r-release-windows-ix86+x86_64 1.3.3 41.00 86.00 127.00 OK
r-oldrel-macos-x86_64 1.3.3 NOTE
r-oldrel-windows-ix86+x86_64 1.3.3 41.00 85.00 126.00 OK

Check Details

Version: 1.3.3
Check: installed package size
Result: NOTE
     installed size is 7.1Mb
     sub-directories of 1Mb or more:
     libs 6.7Mb
Flavors: r-release-macos-arm64, r-release-macos-x86_64, r-oldrel-macos-x86_64