CRAN Package Check Results for Package xmlconvert

Last updated on 2024-05-27 01:48:32 CEST.

Flavor Version Tinstall Tcheck Ttotal Status Flags
r-devel-linux-x86_64-debian-clang 0.1.2 2.28 28.65 30.93 NOTE
r-devel-linux-x86_64-debian-gcc 0.1.2 1.77 21.62 23.39 NOTE
r-devel-linux-x86_64-fedora-clang 0.1.2 38.14 NOTE
r-devel-linux-x86_64-fedora-gcc 0.1.2 36.51 NOTE
r-devel-windows-x86_64 0.1.2 3.00 43.00 46.00 NOTE
r-patched-linux-x86_64 0.1.2 2.08 28.00 30.08 NOTE
r-release-linux-x86_64 0.1.2 1.58 27.81 29.39 NOTE
r-release-macos-arm64 0.1.2 17.00 NOTE
r-release-windows-x86_64 0.1.2 4.00 43.00 47.00 NOTE
r-oldrel-macos-arm64 0.1.2 17.00 OK
r-oldrel-macos-x86_64 0.1.2 21.00 OK
r-oldrel-windows-x86_64 0.1.2 4.00 45.00 49.00 OK

Check Details

Version: 0.1.2
Check: Rd files
Result: NOTE checkRd: (-1) xml_to_df.Rd:144: Lost braces; missing escapes or markup? 144 | Default {NULL} means the workbook will not be protected with a password} | ^ Flavors: r-devel-linux-x86_64-debian-clang, r-devel-linux-x86_64-debian-gcc, r-devel-linux-x86_64-fedora-clang, r-devel-linux-x86_64-fedora-gcc, r-devel-windows-x86_64, r-patched-linux-x86_64, r-release-linux-x86_64, r-release-macos-arm64, r-release-windows-x86_64