CRAN Package Check Results for Package xsp

Last updated on 2022-05-19 12:55:44 CEST.

Flavor Version Tinstall Tcheck Ttotal Status Flags
r-devel-linux-x86_64-debian-clang 0.1.2 5.05 81.73 86.78 NOTE
r-devel-linux-x86_64-debian-gcc 0.1.2 4.68 57.80 62.48 NOTE
r-devel-linux-x86_64-fedora-clang 0.1.2 98.12 NOTE
r-devel-linux-x86_64-fedora-gcc 0.1.2 97.65 NOTE
r-devel-windows-x86_64 0.1.2 10.00 90.00 100.00 NOTE
r-patched-linux-x86_64 0.1.2 5.20 76.22 81.42 NOTE
r-release-linux-x86_64 0.1.2 5.68 75.03 80.71 NOTE
r-release-macos-arm64 0.1.2 27.00 NOTE
r-release-macos-x86_64 0.1.2 51.00 NOTE
r-release-windows-x86_64 0.1.2 13.00 93.00 106.00 NOTE
r-oldrel-macos-arm64 0.1.2 34.00 NOTE
r-oldrel-macos-x86_64 0.1.2 50.00 NOTE
r-oldrel-windows-ix86+x86_64 0.1.2 15.00 86.00 101.00 NOTE

Check Details

Version: 0.1.2
Check: LazyData
Result: NOTE
     'LazyData' is specified without a 'data' directory
Flavors: r-devel-linux-x86_64-debian-clang, r-devel-linux-x86_64-debian-gcc, r-devel-linux-x86_64-fedora-clang, r-devel-linux-x86_64-fedora-gcc, r-devel-windows-x86_64, r-patched-linux-x86_64, r-release-linux-x86_64, r-release-macos-arm64, r-release-macos-x86_64, r-release-windows-x86_64, r-oldrel-macos-arm64, r-oldrel-macos-x86_64, r-oldrel-windows-ix86+x86_64