Last updated on 2022-05-25 09:56:40 CEST.
Flavor | Version | Tinstall | Tcheck | Ttotal | Status | Flags |
---|---|---|---|---|---|---|
r-devel-linux-x86_64-debian-clang | 1.0.0 | 2.78 | 48.17 | 50.95 | NOTE | |
r-devel-linux-x86_64-debian-gcc | 1.0.0 | 1.86 | 36.46 | 38.32 | NOTE | |
r-devel-linux-x86_64-fedora-clang | 1.0.0 | 61.15 | NOTE | |||
r-devel-linux-x86_64-fedora-gcc | 1.0.0 | 49.71 | NOTE | |||
r-devel-windows-x86_64 | 1.0.0 | 16.00 | 68.00 | 84.00 | NOTE | |
r-patched-linux-x86_64 | 1.0.0 | 2.12 | 46.20 | 48.32 | NOTE | |
r-release-linux-x86_64 | 1.0.0 | NOTE | ||||
r-release-macos-arm64 | 1.0.0 | 21.00 | NOTE | |||
r-release-macos-x86_64 | 1.0.0 | 28.00 | NOTE | |||
r-release-windows-x86_64 | 1.0.0 | 15.00 | 69.00 | 84.00 | NOTE | |
r-oldrel-macos-arm64 | 1.0.0 | 25.00 | NOTE | |||
r-oldrel-macos-x86_64 | 1.0.0 | 39.00 | NOTE | |||
r-oldrel-windows-ix86+x86_64 | 1.0.0 | 6.00 | 61.00 | 67.00 | NOTE |
Version: 1.0.0
Check: LazyData
Result: NOTE
'LazyData' is specified without a 'data' directory
Flavors: r-devel-linux-x86_64-debian-clang, r-devel-linux-x86_64-debian-gcc, r-devel-linux-x86_64-fedora-clang, r-devel-linux-x86_64-fedora-gcc, r-devel-windows-x86_64, r-patched-linux-x86_64, r-release-linux-x86_64, r-release-macos-arm64, r-release-macos-x86_64, r-release-windows-x86_64, r-oldrel-macos-arm64, r-oldrel-macos-x86_64, r-oldrel-windows-ix86+x86_64