Last updated on 2023-03-20 12:51:53 CET.
Flavor | Version | Tinstall | Tcheck | Ttotal | Status | Flags |
---|---|---|---|---|---|---|
r-devel-linux-x86_64-debian-clang | 0.1.2 | NOTE | ||||
r-devel-linux-x86_64-debian-gcc | 0.1.2 | 38.93 | 82.86 | 121.79 | NOTE | |
r-devel-linux-x86_64-fedora-clang | 0.1.2 | 208.14 | NOTE | |||
r-devel-linux-x86_64-fedora-gcc | 0.1.2 | 194.49 | NOTE | |||
r-patched-linux-x86_64 | 0.1.2 | 42.58 | 105.36 | 147.94 | OK | |
r-release-linux-x86_64 | 0.1.2 | 43.23 | 102.78 | 146.01 | OK | |
r-release-macos-arm64 | 0.1.2 | 61.00 | OK | |||
r-release-macos-x86_64 | 0.1.2 | 77.00 | OK | |||
r-release-windows-x86_64 | 0.1.2 | 51.00 | 147.00 | 198.00 | OK | |
r-oldrel-macos-arm64 | 0.1.2 | 54.00 | OK | |||
r-oldrel-macos-x86_64 | 0.1.2 | 75.00 | OK | |||
r-oldrel-windows-ix86+x86_64 | 0.1.2 | 111.00 | 184.00 | 295.00 | OK |
Version: 0.1.2
Check: C++ specification
Result: NOTE
Specified C++11: please drop specification unless essential
Flavors: r-devel-linux-x86_64-debian-clang, r-devel-linux-x86_64-debian-gcc, r-devel-linux-x86_64-fedora-clang, r-devel-linux-x86_64-fedora-gcc