CRAN Package Check Results for Package yhat

Last updated on 2022-05-18 07:49:12 CEST.

Flavor Version Tinstall Tcheck Ttotal Status Flags
r-devel-linux-x86_64-debian-clang 2.0-3 4.31 56.27 60.58 NOTE
r-devel-linux-x86_64-debian-gcc 2.0-3 2.70 42.36 45.06 NOTE
r-devel-linux-x86_64-fedora-clang 2.0-3 69.16 NOTE
r-devel-linux-x86_64-fedora-gcc 2.0-3 74.12 NOTE
r-devel-windows-x86_64 2.0-3 17.00 72.00 89.00 NOTE
r-patched-linux-x86_64 2.0-3 3.10 53.40 56.50 NOTE
r-release-linux-x86_64 2.0-3 3.67 52.96 56.63 NOTE
r-release-macos-arm64 2.0-3 22.00 NOTE
r-release-macos-x86_64 2.0-3 29.00 NOTE
r-release-windows-x86_64 2.0-3 17.00 70.00 87.00 NOTE
r-oldrel-macos-arm64 2.0-3 25.00 NOTE
r-oldrel-macos-x86_64 2.0-3 38.00 NOTE
r-oldrel-windows-ix86+x86_64 2.0-3 8.00 68.00 76.00 NOTE

Check Details

Version: 2.0-3
Check: LazyData
Result: NOTE
     'LazyData' is specified without a 'data' directory
Flavors: r-devel-linux-x86_64-debian-clang, r-devel-linux-x86_64-debian-gcc, r-devel-linux-x86_64-fedora-clang, r-devel-linux-x86_64-fedora-gcc, r-devel-windows-x86_64, r-patched-linux-x86_64, r-release-linux-x86_64, r-release-macos-arm64, r-release-macos-x86_64, r-release-windows-x86_64, r-oldrel-macos-arm64, r-oldrel-macos-x86_64, r-oldrel-windows-ix86+x86_64