Last updated on 2023-03-28 03:54:19 CEST.
Flavor | Version | Tinstall | Tcheck | Ttotal | Status | Flags |
---|---|---|---|---|---|---|
r-devel-linux-x86_64-debian-clang | 0.8 | 8.06 | 38.06 | 46.12 | OK | |
r-devel-linux-x86_64-debian-gcc | 0.8 | 5.34 | 30.09 | 35.43 | OK | |
r-devel-linux-x86_64-fedora-clang | 0.8 | 59.67 | NOTE | |||
r-devel-linux-x86_64-fedora-gcc | 0.8 | 67.09 | NOTE | |||
r-patched-linux-x86_64 | 0.8 | 15.47 | 37.76 | 53.23 | OK | |
r-release-linux-x86_64 | 0.8 | 5.05 | 35.59 | 40.64 | OK | |
r-release-macos-arm64 | 0.8 | 17.00 | OK | |||
r-release-macos-x86_64 | 0.8 | 32.00 | OK | |||
r-release-windows-x86_64 | 0.8 | 17.00 | 66.00 | 83.00 | OK | |
r-oldrel-macos-arm64 | 0.8 | 23.00 | OK | |||
r-oldrel-macos-x86_64 | 0.8 | 33.00 | OK | |||
r-oldrel-windows-ix86+x86_64 | 0.8 | 16.00 | 62.00 | 78.00 | OK |
Version: 0.8
Check: dependencies in R code
Result: NOTE
Namespaces in Imports field not imported from:
‘XML’ ‘atom4R’
All declared Imports should be used.
Flavors: r-devel-linux-x86_64-fedora-clang, r-devel-linux-x86_64-fedora-gcc