CRAN Package Check Results for Package zerotradeflow

Last updated on 2024-05-27 03:49:53 CEST.

Flavor Version Tinstall Tcheck Ttotal Status Flags
r-devel-linux-x86_64-debian-clang 0.1.0 17.32 43.66 60.98 OK
r-devel-linux-x86_64-debian-gcc 0.1.0 13.94 33.86 47.80 OK
r-devel-linux-x86_64-fedora-clang 0.1.0 76.94 NOTE
r-devel-linux-x86_64-fedora-gcc 0.1.0 72.09 NOTE
r-devel-windows-x86_64 0.1.0 17.00 54.00 71.00 OK
r-patched-linux-x86_64 0.1.0 11.82 42.94 54.76 OK
r-release-linux-x86_64 0.1.0 11.45 42.61 54.06 OK
r-release-macos-arm64 0.1.0 33.00 OK
r-release-windows-x86_64 0.1.0 16.00 55.00 71.00 OK
r-oldrel-macos-arm64 0.1.0 31.00 OK
r-oldrel-macos-x86_64 0.1.0 48.00 OK
r-oldrel-windows-x86_64 0.1.0 20.00 57.00 77.00 OK

Check Details

Version: 0.1.0
Check: dependencies in R code
Result: NOTE Namespace in Imports field not imported from: ‘tidyverse’ All declared Imports should be used. Flavors: r-devel-linux-x86_64-fedora-clang, r-devel-linux-x86_64-fedora-gcc